 -31)).
-35
Calculate 20 - (6 + 4) - (-9 - -3).
16
What is -3 + (2 + -3 - -15 - (-2 - -3))?
10
What is the value of (-2 + 0 - -4) + -226 + 225 + 7?
8
(3 + -1 - 2) + -4 + -2 + -2
-8
Calculate -3 + 1 + (-7 - -21) + -1 + -7.
4
Evaluate -13 + (-2 - (10 + -12)) - -15.
2
Calculate (-4 + 0 - (-1 - 1)) + 78 + -86.
-10
What is -7 - (-3 + -5 + -10)?
11
What is the value of (17 + -9 + 1 - 7) + 7?
9
Calculate (8 - (19 + -3)) + 13 + 8.
13
Calculate -6 + 8 + -9 + 13.
6
Evaluate -13 + -9 - (-15 - (-1 - 8)).
-16
-3 + 0 - (9 + 0 + -2 - 12)
2
Calculate 9 - (3 + (-2 - (-12 - -3) - -2)).
-3
What is -3 + 2 + 2 - (3 - 4) - -5?
7
What is -35 - -2 - (54 - 72)?
-15
Evaluate -19 + (-12 + 47 - 7).
9
What is (-3 - (-3 - 18)) + (269 - 280)?
7
-12 + 6 + (29 - 13) + -5
5
Evaluate (8 - -9) + (-3 - 4).
10
What is the value of -2 + 8 - (16 + (3 - 3))?
-10
What is the value of -64 + 55 - (-2 + (-27 - -2))?
18
What is -74 + 67 + -1 + 3?
-5
What is 152 + -165 - (-9 + -1) - -8?
5
What is -16 - -21 - (11 - (10 + -14))?
-10
What is the value of (-4 - 0) + 1 + (13 - 17) + 1?
-6
Evaluate -29 - ((8 - (2 - -11)) + -2).
-22
14 + (-18 - (-14 - -5 - 0)) + 6
11
What is -4 - -11 - (-3 - (-7 + 3 + -4))?
2
Calculate -1 - (-6 - -7) - (7 + -8).
-1
Evaluate -5 + -7 + (11 + -8 - (10 + -1)).
-18
Calculate 4 - (13 + 1) - -5.
-5
What is -105 + 75 + -6 + 8 + 3?
-25
Calculate 0 + 20 + (-4 - 9).
7
What is the value of 6 - (2 + (-8 - -6)) - (2 + -6)?
10
What is 39 + -39 - (-8 - (5 - (5 + 1)))?
7
Calculate -1 - 1 - (107 + -102).
-7
Evaluate -2 + 4 + (3 - (1 - -5)) + 3.
2
What is the value of -23 + 11 + -1 - -16?
3
What is the value of (-8 - -25) + (-2 - 19)?
-4
What is (-9 - -23) + -24 - (-10 - 2)?
2
Calculate -2 + 11 + (54 - (-45 - -83)).
25
-24 + 30 + (-29 - 2)
-25
Evaluate -204 + 198 + (11 - 0).
5
What is -20 - (3 - (7 - (6 + -8 + 5)))?
-19
Evaluate -3 + (28 - 6) + -15.
4
What is the value of -2 + -24 + -7 + -4 + 3 + 9?
-25
What is -9 - (-5 + 8 + 6 + -6 + -9)?
-3
What is 2 + -7 + 7 - (-1 - 16)?
19
Calculate (1 - (-1 - -5)) + -1 - (714 - 722).
4
What is the value of 5 + (14 - 11) + -18?
-10
What is 5 + 2 + (691 - 726)?
-28
What is -19 + (22 - -5) + 1 + 1 + -16?
-6
What is the value of 1 - -6 - (-76 + 75)?
8
Evaluate -36 + 31 + -31 + 25.
-11
Evaluate -15 - (-1 + -27 + (56 - 43)).
0
-9 - (-12 + 19 - 14)
-2
What is (63 - 51) + -1 + -15 - 0?
-4
What is -10 - (2 + -20) - -6?
14
Evaluate -194 + 180 - (0 + 26) - -10.
-30
Evaluate (-1 - -6) + -14 + 0 + 19.
10
-21 + 0 - (44 - 88)
23
Evaluate 9 - -18 - 15 - (9 - 1).
4
7 + 3 - (14 + -7)
3
Calculate (4 - (-5 - -2)) + (4 - 32) + 13.
-8
Evaluate (54 - 35) + -3 + -8 + -1.
7
Calculate -10 + -25 + 11 - (-5 + 2 - 2).
-19
What is the value of 24 + 7 + -38 + 28?
21
What is -43 - (-12 + 21 + -24)?
-28
Calculate -9 + 30 + -9 + -23.
-11
Evaluate (-1 - 2) + (-49 - -74) + -27.
-5
What is the value of -19 - (-4 - (-1 + 14 - 9))?
-11
Calculate -17 + -22 + 14 + 9.
-16
Evaluate 6 - 5 - ((-15 - -39) + -21).
-2
Evaluate -12 + 0 - (-27 + 6 + 17) - 2.
-10
What is -7 + 35 + (7 + -15 - -2)?
22
Evaluate -62 - -69 - (0 + -1 + 19 + 2).
-13
Calculate 3 - -26 - 3 - 14.
12
Calculate 7 - -1 - (2 - -29 - (-63 + 72)).
-14
Calculate -10 + (5 - (7 + -13)) + -16.
-15
What is (31 + -26 - 1) + (1 - 2)?
3
Evaluate (-5 - 0) + (30 - (17 + (-11 - -4))).
15
What is 213 + -208 + (0 - (1 + 0))?
4
-6 + -15 + (1 - -10)
-10
What is the value of -6 + (28 + -44 - -27)?
5
Evaluate 25 + -42 - (-7 + -20).
10
Evaluate 2 + 1 + 3 - (-9 - (-5 + -2)).
8
Evaluate 58 + -47 - (19 - 1) - (-1 + -15).
9
(0 - (5 - 3)) + -11
-13
What is the value of 35 + -30 - (-26 + 11)?
20
What is the value of 21 - ((-19 - -21) + 42)?
-23
What is 47 - 66 - (-35 + 0)?
16
(5 + 6 - 4) + (-1 + 31 - 13)
24
What is 1 + (-12 - 5) + 5 - -13?
2
What is the value of 17 + -31 - -23 - 22?
-13
Calculate -7 - (45 + (-14 - 19) - (-1 + 4)).
-16
What is 13 + 3 + 2 + (-8 - 4)?
6
What is the value of -8 - (-18 - (26 - 62))?
-26
-1 - -17 - (41 - (39 + 10))
24
Calculate 5 - ((3 - 3) + 5) - (-5 - -8).
-3
Evaluate (-1 - 11) + (-202 - -209) + (17 - 0).
12
What is 4 + -12 - (-15 + -1 + -1)?
9
6 + (-18 - -21) + -5 + 8
12
14 - (-11 - -18 - 15)
22
Calculate (-15 - 5) + (-4 - -18).
-6
Calculate -30 + (-6 - -10) + (7 - 1 - -3).
-17
Calculate 20 + -18 + 23 - 20.
5
What is -1 + -1 - (-1 - (14 + 0) - -11)?
2
What is the value of 16 - (-4 - (1 - (7 - -5)))?
9
Evaluate (-9 - -15) + -7 + 3.
2
(64 - 20) + -13 - 14
17
What is the value of 10 + 7 + -9 - 22 - -3?
-11
Calculate (23 - 14) + -9 - (-6 + 0).
6
What is the value of (7 - 5) + -6 + (11 - -6)?
13
What is (-8 - 0) + 13 + -24 + 14?
-5
Evaluate 5 + (-2 + 0 - (14 - 12 - 10)).
11
Calculate 4 - -39 - 56 - -25.
12
What is 2 + 3 - ((-8 - 0) + -68 + 75)?
6
What is -41 - (-1 + 26 - 53)?
-13
Evaluate (1 - (13 + 2)) + 8.
-6
(-4 - (8 + -6 + -15)) + 7 - 2
14
-1 + 0 - (-19 + -1 + 7 + 11)
1
Calculate 150 - 154 - (5 + -5 + 4).
-8
Calculate 18 - 20 - (-6 + 0).
4
Evaluate -64 + 44 + (9 - 0).
-11
Evaluate 20 + (-34 + 2 - -6).
-6
Evaluate 0 + (10 - (-2 - -12)) - (-3 - -5).
-2
Evaluate (19 - 32) + -1 + 19.
5
Evaluate (7 - (-29 - -23)) + 7 + -55.
-35
Calculate -14 + 5 + 4 + (-4 - -3) + 1.
-5
Calculate -16 + 13 - 3 - 8.
-14
Evaluate 4 + -2 + 2 + -8 - (24 + -23).
-5
Calculate -3 + 9 + -2 + 14 + -8.
10
What is the value of -2 - ((-16 - 2) + -26 + 34)?
8
Evaluate -43 - -47 - (1 + (1 - 5) + 0).
7
What is the value of -36 + (-35 - (32 - 133))?
30
Evaluate 2 + (-75 + 79 + -1 + 7 - 18).
-6
What is the value of -33 - (-37 + (-7 - -7))?
4
(-3 + 5 - -4) + 0 + -1 - 6
-1
What is 20 - 15 - 17 - -6 - (-1 - 12)?
7
What is -2 + 27 - (-34 - -57)?
2
What is 3 - (9 - (-5 + 16 + -8))?
-3
Evaluate -2 + 0 + 0 + (-45 - -55) + 0.
8
Calculate 0 + 0 + 40 + -34 - -5.
11
Calculate -14 - (-29 - (-20 + 23)).
18
-28 + 37 - (4 - 2 - -13)
-6
-61 + 68 + (-5 - 1) + -8
-7
10 + (1 - -1) + -20 + (-23 - -39)
8
Evaluate 8 - (5 - (4 - (-5 + 6) - -1)).
7
(-55 - -27) + 12 - -26
10
What is the value of -13 - (-5 + 19 - (14 + 13))?
0
What is the value of -2 + -6 - 47 - (1 - 17)?
-39
What is 0 - (9 + -28 - -4)?
15
-7 + -1 + -1 + 6
-3
-53 - (66 - 117) - (1 + -11 + 1)
7
0 + -33 - (10 - (35 - 2 - 23))
-33
Evaluate (-24 - (20 - 56)) + (-10 - -2).
4
Evaluate 35 + -26 + (-10 - -7 - 36).
-30
(-104 - -38) + 26 + 13
-27
What is ((-27 - -12) + 6 - 5) + -8?
-22
Evaluate (-22 - -3 - -8) + 16.
5
3 + -6 + 7 + (-1 - -9) - 0
12
What is (5 - -8) + -5 + -2 + 1 + -22?
-15
What is the value of (0 - (-28 - 1)) + 1 + 12911 + -12920?
21
What is the value of (19 - 3) + 35 + (16 - 46)?
21
Evaluate -9 + (7 + -8 - -23) - 9.
4
(-3 - (3 - 10)) + 8 + -11 + 3
4
Calculate (0 + -1 - ((29 - 6) + -22)) + 7.
5
Evaluate 56 + (-43 + 18 - 6).
25
What is -8 - -8 - (-13 - -11) - 3?
-1
Calculate -62 - (-36 + -35 - -23).
-14
What is 11 + (-25 - -7 - -9) + 2 + 2?
6
(1 - -6 - 12) + -4 + 4 + -7
-12
What is the value of -17 + (-8 - -7) + (-7 - -10)?
-15
9 - (1 + 0) - (24 + -2 + -2)
-12
Evaluate 11 - 16 - (2 + -8) - 1.
0
-17 + (37 - (8 + -3))
15
Calculate -2 + 9 + -1 + -3 + -8 + 1.
-4
Calculate -10 + (34 + -26 - (1 + -3)).
0
Evaluate -21 + 20 + (1 - 2) + 0.
-2
Evaluate -219 + 189 + 2 + 26.
-2
0 + -26 - 14 - -19
-21
Calculate -5 - (-3 + -9 - -7 - 2).
2
What is -8 + -4 + 9 + 7 + 4?
8
-14 + 8 - (1 - 18 - -5) - 1
5
Evaluate (-13 - (-2 + 1)) + (7 - (0 - -14)).
-19
Calculate 7 + 9 + (10 - 14) + 1.
13
What is 7 + -5 + (1 - -14) + 11?
28
-1049 - -1041 - ((13 - -2) + -2 - 1)
-20
Calculate -13 + -3 + 2 + -4 + 8 - 0.
-10
Calculate 0 + (-1 - -7) + -15 - (1 + 11).
-21
What is (-30 + -7 - 3) + 3?
-37
What is -10 + (7 + (0 - 5) + 15 - -1)?
8
(-31 - -16) + (6 - 2) + -1
-12
Calculate (19 - 2) + (37 - 42).
12
11 - (-8 + 4 + 15)
0
What is -4 - (-20 + -2 - -7)?
11
What is 5 + -19 + 37 + -15?
8
Calculate 20 + (25 - 32) + 5.
18
What is -10 - ((-5 - (2 + -4)) + -3)?
-4
What is (2 - 7) + -145 + 142?
-8
What is (396 - 401) + 6 + (1 - 0)?
2
What is the value of -1 + (-7 - -5) + (4 + -7 - 4)?
-10
-245 + 254 - (1 - -13)
-5
Evaluate 1 - -1 - (47 - 35) - -25.
15
Calculate 0 + -1 + 5 - (23 - (26 - 7)).
0
Evaluate (-26 - -45) + (6 - 29).
-4
What is the value of -22 + 24 + -13 - -12 - -2?
3
-4 - ((-2 - 15) + 8) - 5
0
(1 - -3) + -34 + 33
3
Evaluate -6 - -15 - (21 + 2).
-14
What is 31 + (6 + -3 - 10) + (-35 - -32)?
21
Evaluate (-1 - -5) + 1 + 154 + -159 + 13.
13
What is